0, 5*d + 3*f + 2950 = 0. What is the hundreds digit of (-21)/(-7)*d/(-3)?
5
Suppose 4*t - 173 = -2*i - 1, 8 = -2*i. Let b = 50 - t. Suppose 5*y + 30 = 2*x, 8 = -b*y - 2. What is the tens digit of x?
1
Let a = -20032 + 76448. What is the ten thousands digit of a?
5
What is the hundreds digit of (61715/(-4))/((-348)/48 - -6)?
3
Let r = 39 + -33. Let m(d) = 9*d - r*d - 2*d - 1 + 9*d. What is the units digit of m(6)?
9
Let b = 6247 - 1049. What is the units digit of b?
8
Let k(f) = 2478*f - 4126. What is the ten thousands digit of k(30)?
7
What is the ten thousands digit of (301 - 24/2)*65?
1
Let p(f) = -948*f - 54. Let d(g) = 73*g + 4. Let x(i) = -54*d(i) - 4*p(i). What is the hundreds digit of x(-1)?
1
Let r(z) = -2313*z**3 + 20*z**2 + 8*z + 5. Let s be r(-3). Suppose -48*m + s = -4*m. What is the thousands digit of m?
1
Let i(m) = 273*m**3 + 16*m**2 - 60*m + 10. What is the tens digit of i(4)?
9
Suppose -316*r + 12017812 - 812770 = -8473542. What is the tens digit of r?
7
Suppose 36*v = 43*v - 4*z - 510729, -3*z = 5*v - 364824. What is the tens digit of v?
6
Let l(y) = -54*y - 41. Let t be l(-3). Let s = t + -91. What is the tens digit of s?
3
Let x(t) = -t + 18. Let c be x(12). Let q be ((-3707)/33)/(-2 - (-11)/c). Suppose 574 = 13*n - q. What is the units digit of n?
6
Suppose 7*c = 9*c - 4*i - 49410, -c + 24701 = -i. What is the hundreds digit of c?
6
Let o(q) be the third derivative of -17*q**4/6 + 107*q**3/6 + 44*q**2. What is the units digit of o(-7)?
3
Let t(d) = -2*d**2 - 11*d - 3. Let n be t(-5). Suppose -l + l = -n*l. Suppose l = a - 3*v + 4*v - 106, 428 = 4*a + 2*v. What is the units digit of a?
8
Let s(q) = 158*q + 37. Let c be s(-3). Let l = 62 - c. What is the units digit of l?
9
Suppose -16*a = -141411 - 51449 - 82612. What is the hundreds digit of a?
2
Let g(i) = i**3 - 11*i**2 - 13*i + 16. Let z be g(12). Suppose c = z*c - 810. Suppose 4*t - 176 = 4*f, 5*f - c = 3*t - 8*t. What is the units digit of t?
9
Let p be 43/(-3)*(-9)/(-3). Let k = 45 + p. Suppose 40 = -k*q + 3*q. What is the units digit of q?
0
Let l = -58317 + 133690. What is the ten thousands digit of l?
7
Suppose 0 = -3*i + 8*i - 75. Suppose 325 = 20*o - i*o. What is the units digit of o?
5
Suppose 0 = -4*u - 2*s - 2 + 10, -12 = 4*u - 3*s. Suppose 10 = 8*i - 3*i. Suppose u = 5*k + i*k - 1652. What is the tens digit of k?
3
Suppose -4*b + 12 = 0, -66*l + 63*l + 5*b = -68064. What is the ten thousands digit of l?
2
Let s(d) = -d**3 - 21*d**2 + 28*d - 45. What is the tens digit of s(-28)?
5
Let o(d) = 17*d**2 - d + 3. Let x(l) = 3*l**2 + 2*l - 6. Let s be x(3). Let t = 29 - s. What is the units digit of o(t)?
9
What is the thousands digit of 188*43*(51/68)/1?
6
Let x = 867 + -683. Suppose 175 = -n + x. What is the units digit of n?
9
Suppose -3*l = -7 - 8. Let m(c) = 2*c**2 - 11*c + 5. Let g be m(l). Suppose -9*y + 3*y + 498 = g. What is the tens digit of y?
8
Suppose 0 = l - 4, 0 = -5*q - 0*q - 5*l + 545. What is the tens digit of 6/(-4)*(-83440)/q?
9
Let d(x) = 6*x**2 + 22*x - 4. Suppose 10*v - 7*v = -30. Let k be d(v). Suppose 0 = -5*b + k - 31. What is the tens digit of b?
6
Let s(t) = -3*t**3 + 2*t**2 - 3*t + 7. Let x(c) = -c**3 + c. Let u(z) = -s(z) + 2*x(z). Let v be u(3). What is the tens digit of (v/(-4))/(3/(-132))?
8
Suppose -110*g + 91*g + 201134 = 0. What is the units digit of g?
6
Let s = 102 - 107. What is the hundreds digit of 30*s/(30/(-69))?
3
Suppose 5*n + 5*v - 23130 = 0, -2*v + 4626 = 187*n - 186*n. What is the hundreds digit of n?
6
Let c = -287 - -380. Let m be (6/15)/(1/20). Let l = c - m. What is the units digit of l?
5
Let h = -2951 - -5409. Suppose 262 = -3*a + h. What is the units digit of a?
2
Suppose 3*l + 1 = 1. What is the thousands digit of (1 - 4 - -1408) + (l - -2)?
1
Suppose -55374 = -3*f + 4*m + m, -3*m - 18 = 0. What is the tens digit of f?
4
Let h(f) = 27*f**2 + 4. Let j be h(3). Suppose 3*t - 248 - 262 = 0. Let c = j - t. What is the units digit of c?
7
Let c(u) = 60*u**3 - u**2 + 1. Let a = -4 - -5. Let y be c(a). Let w = y + -58. What is the units digit of w?
2
Suppose -2*h - 7777 = -9*u + 8*u, -7812 = -u - 5*h. Suppose 0 = -22*z + u + 15093. What is the thousands digit of z?
1
Suppose 4*o + 36 = 4*s + 260, 3*s + 9 = 0. Suppose -o*r + 42*r = -5115. What is the tens digit of r?
6
Suppose 4*c + c = 25. Let g = 1723 - 1723. Suppose c*p + 3*p - 1800 = g. What is the units digit of p?
5
Suppose 0 = 5*w - 4*v - 911, -5*w + 917 = -20*v + 22*v. Let j(a) = -2*a**2 + 3*a + 2. Let s be j(-4). Let h = w + s. What is the tens digit of h?
4
Let o(w) be the first derivative of -163*w**2 - 424*w - 237. What is the tens digit of o(-7)?
5
Let t(m) = -174*m**3 + 17*m**2 - 12*m - 39. What is the units digit of t(-3)?
8
Suppose 0 = -5*x + 5*t - 5, 6 = -t + 7. Suppose -28*n + 29*n - 863 = x. What is the tens digit of n?
6
Suppose 3 = 3*l + 4*r - 16, 0 = -l - 5*r - 1. Suppose y + l - 11 = 0. Suppose -61 - 65 = -y*m. What is the units digit of m?
3
Let r = 17023 + -10289. What is the hundreds digit of r?
7
Let n(s) = -s**3 + 34*s**2 + 12*s + 27. Let m be n(15). Suppose -3*p = 3*g - m, 4462 = -20*g + 23*g - 2*p. What is the thousands digit of g?
1
Suppose 7*y + 16*y = 943. Let h = y - -294. What is the hundreds digit of h?
3
Suppose -337*f + 288*f + 25556 = -187104. What is the units digit of f?
0
Let b = 404 + -397. What is the hundreds digit of ((-908)/7)/((-2)/b)?
4
Let l = -30413 + 47591. What is the hundreds digit of l?
1
Let u = 114 - 82. Let w(p) = -p**3 + 4*p**2 - p - 6. Let i be w(3). What is the tens digit of u - (-2)/(-6)*i?
3
Let u(s) = -31*s**3 + 25*s**2 + 105*s - 14. What is the tens digit of u(-6)?
5
Let n = -17 + -8. Let s = n - -27. Suppose -4*m + 3*q + 202 = 2*q, 5*m = -s*q + 259. What is the tens digit of m?
5
Let x(i) = i**2 + 4*i. Let w be x(9). Suppose 4*y + 5*v = -79, -2*v = -4*y - w + 31. What is the units digit of ((-7)/y)/((-4)/(-12))?
1
Suppose 2*j - 4*k = 44158, 4*j + 130*k - 134*k - 88304 = 0. What is the units digit of j?
3
Let o(f) = 6*f - 110. Suppose 7*x - 31 = 109. What is the tens digit of o(x)?
1
Let a be 15/(-9)*2*-3. Let u(c) = 4*c + 13. What is the tens digit of u(a)?
5
Let l be (8/32)/(2/(-8)). Let d(y) = -1686*y - 37. What is the units digit of d(l)?
9
Suppose -105145 = -637*h + 620*h. What is the thousands digit of h?
6
Let b(p) = 6*p + 4. Let o be b(-16). Let m = -53 - o. Let l = m + 65. What is the tens digit of l?
0
Suppose -8*i + 32*i = 0. Suppose i = 6*h - 860 + 32. What is the hundreds digit of h?
1
Suppose -z - 62 = -3*i + z, 3*z + 3 = 0. Let y = -20 + i. Suppose y = -q + 77 + 42. What is the units digit of q?
9
Let b = -46 - -14643. What is the tens digit of b?
9
Suppose 0 = 2*r - 1221 - 591. Let f = -407 + r. What is the units digit of f?
9
Let c = 842 + -9083. What is the tens digit of 3/(-8) + (c/(-24) - -4)?
4
Suppose -j + 313 = 8*x - 11*x, 5*j - x = 1635. Let n = j + -63. What is the hundreds digit of n?
2
Let a(p) = -p**3 + 25*p + 3. Let n be a(5). Let y(f) = 5*f**2 + 53*f + 4. What is the units digit of y(n)?
8
Suppose 3*y + 4*o - 15 = 0, -5*o - 15 = -2*y - y. Suppose -r + 2 = -3, -4*c - y*r + 37 = 0. What is the units digit of (5 - 31)/(c + -5)?
3
What is the thousands digit of 2070/(-15)*2305/(-30)?
0
Let w(p) = p**3 - 9*p**2 + 8*p + 2. Let u be w(8). Let f(c) = -4*c**2 + 5*c**2 - 9*c**u + 0*c - 21 + 4*c - c**3. What is the tens digit of f(-9)?
2
Let p(s) = 43*s + 11. Let f(z) = -24 - 15*z - 7*z + 14 - 22*z. Let t(n) = -4*f(n) - 5*p(n). What is the hundreds digit of t(-3)?
1
Let v = -15 - -14. Let c(f) = -2*f + 27. Let o(t) = -1. Let h(w) = v*c(w) - 3*o(w). What is the units digit of h(14)?
4
What is the units digit of 15/(-6) + 8/(-64)*-44 + 20915?
8
Let h = -10738 - -15927. What is the hundreds digit of h?
1
Let r(w) = 28*w**3 - 12*w**2 + 6*w + 186. What is the thousands digit of r(9)?
9
Suppose 2*f - 5*f - 25 = 4*s, -5*s - 5*f = 35. Let t be (s - -1) + (208 - (-8 + 8)). Suppose 10*a = 2875 - t. What is the hundreds digit of a?
2
Let o = 107 - 152. Let k = 71 + -47. Let w = k - o. What is the tens digit of w?
6
Suppose 96580 = 4*m + 10*y, 0 = 11*m - 15*m - 5*y + 96540. What is the tens digit of m?
2
Let k be (4/3*-1)/(6/(-234)). Suppose -17*v - k = -15*v. Let q = -1 - v. What is the unit